 3*z - 6613 = -3*g - 2*g. List the prime factors of g.
5, 53
List the prime factors of (8/14 + 1233/84)*36.
3, 61
Let y(f) = -57*f**3 - f**2 + 2*f - 2. Let d be y(1). What are the prime factors of d/(-3 + 20/8)?
2, 29
Let v(l) = l**3 + 70*l**2 - 24*l + 52. List the prime factors of v(-70).
2, 433
List the prime factors of (-885 - 24)*((-8)/4)/2.
3, 101
Suppose 0 = -26*w + 27*w - 2416. What are the prime factors of w?
2, 151
Let g be (-18)/21*(-7)/2. Suppose -g*r - 5*z + 44 + 42 = 0, 3*r - 83 = -2*z. Suppose 0 = -w - 0*w + r. What are the prime factors of w?
3
Let d = -92 - -76. Let g be (-5)/(10/(-8) - -1). Let x = d + g. What are the prime factors of x?
2
Suppose -96*l = -101*l, 5*l - 2088 = -3*s. List the prime factors of s.
2, 3, 29
Suppose 2 - 68 = -3*b. Let v be (-15 + 27)/(4/b). Let a = -33 + v. What are the prime factors of a?
3, 11
Suppose 272 = 2*o + 2*t - 6*t, o + 8*t = 186. What are the prime factors of o?
2, 73
Let n(j) = j**2 + 18*j + 14. Let g be n(-16). List the prime factors of ((-10)/(-3))/((-4)/g).
3, 5
Let y = 37 + -33. Suppose 2*z - 4*s - 213 = -3*s, -y*s = -4. What are the prime factors of z?
107
Let m = -150 - -260. List the prime factors of m*(0 + (-6)/(-4)).
3, 5, 11
Let f(t) = -t**3 - 13*t**2 - 11*t - 6. Let k be f(-12). What are the prime factors of (-2)/(-9) + (-230)/k?
13
Let o be (-4)/(-14) - -5*4/(-70). Suppose o = 6*s - 111 - 1113. List the prime factors of s.
2, 3, 17
Let p(j) = -j**3 + 16*j**2 - 16*j - 2. What are the prime factors of p(8)?
2, 191
Let p(j) = j**3 - 8*j**2 + 9*j - 4. Let g(q) = -q**3 + 5*q**2 - 3*q - 2. Let d(u) = -u - 3. Let r be d(-6). Let w be g(r). List the prime factors of p(w).
2, 5
Suppose 5*o = 3*y + 693, 0*y - 2*y - 697 = -5*o. Let x = o + -75. Let b = x + -39. List the prime factors of b.
3
List the prime factors of 1 + -1*(-2 + (-1194 - -1)).
2, 13, 23
Let s(z) = 4*z + 7*z**3 - 8*z**3 - 6*z**2 - 3*z - 7*z. What are the prime factors of s(-7)?
7, 13
Let k = 50 - 47. Suppose 4*r = 5*t + 425, -k*r + 233 = -t - 94. What are the prime factors of r?
2, 5, 11
Let l = -1159 - -1554. List the prime factors of l.
5, 79
Suppose -r = f - 166, -2*f = r - 6*f - 176. Suppose -4*i + r = -192. List the prime factors of i.
2, 3, 5
Suppose 0 = 2*y - 5*v - 882, -y - 435 = -2*y + 4*v. List the prime factors of y.
11, 41
Let l(y) = 2*y**2 - 56*y + 61. List the prime factors of l(43).
7, 193
Let f(t) = -9 - 8 - 67*t + 66*t. Let k be f(-5). What are the prime factors of k/(-2)*(-18)/(-4)?
3
Suppose 2*m = 3*o + 54, -2*o + 2 = -o. Suppose -3*p - m = -9*p. Suppose -p*a = -4*a - 17. List the prime factors of a.
17
Let r = 1787 - 732. List the prime factors of r.
5, 211
Let z(p) = 10*p**2 + 24*p + 25. What are the prime factors of z(-10)?
5, 157
Let i = 1 - 114. Let n = i - -230. List the prime factors of n.
3, 13
Suppose 8 = h + 4. Suppose 0 = h*t - 3*t - 120. Suppose -3*x - t = -4*v, 0 = 2*v + 2*v + 2*x - 120. List the prime factors of v.
2, 3, 5
Let x = 3 + -15. Suppose 0 = -14*w + 8*w - 402. Let t = x - w. What are the prime factors of t?
5, 11
Let c(t) = t - 7. Let a be c(0). Let y = a + 10. Suppose 27 = y*i + 5*s, -5*s - 1 = -i - 3*i. List the prime factors of i.
2
Let i be (-21 - 1)*(-1)/2. Suppose 2*h + i = h - 4*w, 13 = -5*h + w. List the prime factors of (-31 + -2)*1/h.
11
Suppose -4*v + 1029 = -3*k, 3*k = 4 - 1. What are the prime factors of v?
2, 3, 43
Let a(v) = 299*v - 176. List the prime factors of a(9).
5, 503
Let m(h) = h**2 - 28*h - 8. Let z be m(20). What are the prime factors of 1*8*z/(-28)?
2, 3
Let b(c) = 5*c**2 + 5*c - 58. List the prime factors of b(7).
2, 3, 37
Let v(o) = 30*o**2 - 34*o - 14. List the prime factors of v(6).
2, 431
Let x(r) = -20*r**3 - 5*r**2 - 100*r - 482. What are the prime factors of x(-5)?
2393
Let m(d) = -d**2 - 5*d + 26. Let p be m(-8). Suppose -p*f + 73 = b, 4*b + 4*f - 292 = -0*b. List the prime factors of b.
73
Let f(x) = x**2 + 11*x + 10. Let k be f(-11). Let d(c) = 3*c**2 - 12*c - 24. What are the prime factors of d(k)?
2, 3, 13
Let z(p) = p**3 + 9*p**2 - p - 9. Let i be z(-9). Suppose 2*v + 8 - 42 = i. What are the prime factors of v?
17
Let l = -21 + 31. Let i(q) = -7 + 3 - 3 + q**2 + l*q. List the prime factors of i(-14).
7
Suppose -5*v + v = 0. Suppose -601 = -5*g - c, v*g - c = 4*g - 480. What are the prime factors of g?
11
Let b(h) = h**2 + 11*h - 18. Let o be b(-13). Suppose o = -l - 16. List the prime factors of ((-39)/12)/(2/l).
3, 13
Let d = 2694 - 1968. List the prime factors of d.
2, 3, 11
Let a(j) = -j**2 + 7*j - 6. Let z = 14 - 24. Let x be 1*3 - (z + 8). What are the prime factors of a(x)?
2
Let j be -3 + (-15)/(-1 + -4). Suppose 4*k - 16 = -j. Suppose -k*n - 300 = -4*x, 373 = x + 4*x - 3*n. What are the prime factors of x?
2, 37
Suppose 2*s - 5*s - 72 = 0. Let g be (-424)/s + 1/3. Suppose -9 = 2*i - 5*i, i = u - g. List the prime factors of u.
3, 7
Suppose 3*u - 5*u + 4*r = 0, 0 = 3*r - 3. Suppose 4*b + 4*d - 172 = 0, 0 = -u*b + 5*b + 5*d - 135. List the prime factors of b.
2, 5
Let q = 2596 + -1161. What are the prime factors of q?
5, 7, 41
Suppose -64*o - 5283 = -73*o. List the prime factors of o.
587
Suppose 0 = -a - s + 278 - 40, -4*a = s - 940. What are the prime factors of a?
2, 3, 13
Let s = 3676 + -2059. What are the prime factors of s?
3, 7, 11
Suppose -4*z - 5*v + 4932 = 0, 3*z - 1012 = 5*v + 2687. What are the prime factors of z?
3, 137
Let j = 10 + -5. Let d = j - 5. Suppose d = -2*h - 14 + 18. What are the prime factors of h?
2
Suppose -75 = -5*k - 5*d, -7*k + 4*d = -6*k - 15. Suppose -k*y = -4*y - 1474. List the prime factors of y.
2, 67
Suppose -2*u + 4*t = u - 3, 0 = -3*u + 2*t + 9. Suppose -2*d - 1 = -3*d, -u*p + 260 = 5*d. What are the prime factors of p?
3, 17
Suppose 71*b = 74*b - 300. List the prime factors of b.
2, 5
Let f be 6/(-27) - 14/18 - 6184. List the prime factors of (f/(-35) - 4/(-14)) + -3.
2, 3, 29
Suppose -14 - 73 = 3*p. Let j = 31 + p. Suppose g = -3*o + 28, -j*g + o = -0*o - 63. What are the prime factors of g?
31
Let j(d) = 18*d**2 - d. Let a = -12 - -16. Suppose a*t = -0*t - 4. What are the prime factors of j(t)?
19
Suppose 0 = 3*u - 12, 4*u = -3*j + 19 + 6. Suppose -5*a - j = -0*b - b, 2*b = -4*a + 6. Let p = 7 + b. What are the prime factors of p?
2, 5
Let c be -3 - -1 - (-16 - -5). Let j be (-2)/5 - (-266)/(-10). Let g = c - j. List the prime factors of g.
2, 3
Suppose -3 = -4*y + 4*o + 17, -y + 5 = -5*o. Suppose y*i = -0*i + 15. Suppose i*v + 52 = 7*v. What are the prime factors of v?
13
Suppose 0 = -3*c + 5*l + 234, 2*c + 98 = 3*c + 5*l. Let p = c + -31. What are the prime factors of p?
2, 13
Let d(w) be the second derivative of w**5/20 + 5*w**4/12 - 5*w**3/6 + 5*w**2 - 4*w. Let z be d(-6). List the prime factors of ((-123)/(-3) - 1) + z.
2, 11
Let v(i) = 16*i + 25. Let o(k) = 5*k + 8. Let s(n) = -17*o(n) + 6*v(n). What are the prime factors of s(6)?
2, 5
Let a(k) = 61*k**2 + 17*k - 5. List the prime factors of a(4).
1039
Let c be (-1 - 2) + 0 + 3. Suppose c = -g + 4. Suppose -180 = -f - g*f. List the prime factors of f.
2, 3
Let w(n) = -3*n + 6 - 7 - 9. Suppose 4*s - b = -49, 3*s + b + 28 = -0*b. What are the prime factors of w(s)?
23
Let r = -3 - -3. Let p(a) = r + 4 - 3 - 4 + 6*a. What are the prime factors of p(12)?
3, 23
Let q be 0 + -1 + -2 + -1. Let i be (-10)/q*(-36)/(-30). Suppose -2*f + 21 = -3*s, -i*f = f + 3*s - 33. What are the prime factors of f?
3
Let b(f) = 31*f**2 + 29*f + 39. List the prime factors of b(-7).
5, 271
Let d be (-15)/(-10)*(-8)/(-3). Let f(z) = z + 3*z + 2*z - z**3 - d*z**2 - 3*z. What are the prime factors of f(-5)?
2, 5
Let q be (0 - (3 + -3))/(-1). Let f be (3 + -3)*(4 - 3). Suppose q = -f*m - 3*m + 141. What are the prime factors of m?
47
Let k(v) = v**2 - 13*v + 10. Let u(z) = z**2 - 12*z + 15. Let t be u(12). Let s be k(t). Let y = s - 13. What are the prime factors of y?
3
Suppose 0 = -t + 8*t - 1673. List the prime factors of t.
239
Let b = 0 + 5. Let v be 9/(-21) + (855/35 - 4). Let i = v - b. What are the prime factors of i?
3, 5
Let j(z) = -z**3 + 7*z**2 - 2*z + 17. Let x be j(7). Suppose 0 = 2*g + 2*b - 12, -x*b - 2*b - 3 = 2*g. List the prime factors of g.
11
Let b(j) = 40*j**2 + 13*j + 10. What are the prime factors of b(-3)?
331
Let k = -69 - -106. Supp